of 1550?
1
What is the hundreds digit of 54741?
7
What is the thousands digit of 13138?
3
What is the thousands digit of 3420?
3
What is the thousands digit of 24383?
4
What is the hundreds digit of 1572?
5
What is the tens digit of 6737?
3
What is the hundreds digit of 1541?
5
What is the units digit of 874?
4
What is the tens digit of 7899?
9
What is the hundreds digit of 1088?
0
What is the tens digit of 29789?
8
What is the ten thousands digit of 31120?
3
What is the hundreds digit of 3896?
8
What is the hundreds digit of 1834?
8
What is the hundreds digit of 898?
8
What is the tens digit of 517?
1
What is the ten thousands digit of 12892?
1
What is the tens digit of 1493?
9
What is the tens digit of 614?
1
What is the tens digit of 4578?
7
What is the thousands digit of 38077?
8
What is the hundreds digit of 10203?
2
What is the tens digit of 3104?
0
What is the hundreds digit of 1482?
4
What is the units digit of 1346?
6
What is the tens digit of 2442?
4
What is the ten thousands digit of 27610?
2
What is the units digit of 95?
5
What is the thousands digit of 1909?
1
What is the units digit of 68609?
9
What is the hundreds digit of 3100?
1
What is the tens digit of 2161?
6
What is the tens digit of 27716?
1
What is the units digit of 3151?
1
What is the units digit of 2119?
9
What is the thousands digit of 69274?
9
What is the thousands digit of 6122?
6
What is the units digit of 37542?
2
What is the hundreds digit of 4900?
9
What is the thousands digit of 3520?
3
What is the thousands digit of 2254?
2
What is the units digit of 2789?
9
What is the ten thousands digit of 14058?
1
What is the thousands digit of 1293?
1
What is the thousands digit of 1673?
1
What is the tens digit of 765?
6
What is the tens digit of 7214?
1
What is the tens digit of 5231?
3
What is the units digit of 1363?
3
What is the units digit of 9950?
0
What is the hundreds digit of 4425?
4
What is the ten thousands digit of 20117?
2
What is the units digit of 77225?
5
What is the units digit of 1571?
1
What is the tens digit of 3107?
0
What is the tens digit of 2217?
1
What is the hundreds digit of 113?
1
What is the tens digit of 553?
5
What is the units digit of 960?
0
What is the hundreds digit of 16798?
7
What is the thousands digit of 1580?
1
What is the tens digit of 3522?
2
What is the tens digit of 2849?
4
What is the units digit of 810?
0
What is the hundreds digit of 1363?
3
What is the tens digit of 121398?
9
What is the hundreds digit of 255?
2
What is the hundreds digit of 3288?
2
What is the tens digit of 2837?
3
What is the tens digit of 17667?
6
What is the tens digit of 5852?
5
What is the units digit of 5472?
2
What is the hundreds digit of 2889?
8
What is the units digit of 21490?
0
What is the units digit of 5893?
3
What is the thousands digit of 1059?
1
What is the thousands digit of 3405?
3
What is the thousands digit of 1018?
1
What is the hundreds digit of 99633?
6
What is the thousands digit of 68853?
8
What is the tens digit of 49?
4
What is the hundreds digit of 15578?
5
What is the hundreds digit of 47901?
9
What is the ten thousands digit of 39451?
3
What is the tens digit of 85590?
9
What is the tens digit of 14028?
2
What is the thousands digit of 7798?
7
What is the units digit of 27851?
1
What is the hundreds digit of 960?
9
What is the hundreds digit of 3864?
8
What is the thousands digit of 1499?
1
What is the hundreds digit of 37876?
8
What is the units digit of 923?
3
What is the hundreds digit of 944?
9
What is the thousands digit of 1198?
1
What is the units digit of 1013?
3
What is the hundreds digit of 10919?
9
What is the units digit of 6770?
0
What is the units digit of 598?
8
What is the thousands digit of 5373?
5
What is the thousands digit of 4318?
4
What is the units digit of 4594?
4
What is the tens digit of 28732?
3
What is the thousands digit of 2403?
2
What is the thousands digit of 49781?
9
What is the units digit of 7905?
5
What is the units digit of 325?
5
What is the hundreds digit of 47417?
4
What is the tens digit of 196?
9
What is the hundreds digit of 969?
9
What is the units digit of 6753?
3
What is the units digit of 2359?
9
What is the tens digit of 71763?
6
What is the units digit of 112?
2
What is the units digit of 798?
8
What is the units digit of 8241?
1
What is the units digit of 22591?
1
What is the tens digit of 5993?
9
What is the thousands digit of 7041?
7
What is the units digit of 1298?
8
What is the hundreds digit of 1203?
2
What is the hundreds digit of 105?
1
What is the units digit of 1534?
4
What is the tens digit of 624?
2
What is the thousands digit of 38082?
8
What is the thousands digit of 24638?
4
What is the units digit of 1265?
5
What is the hundreds digit of 3017?
0
What is the units digit of 62?
2
What is the tens digit of 5908?
0
What is the tens digit of 16994?
9
What is the units digit of 98?
8
What is the tens digit of 7339?
3
What is the ten thousands digit of 43783?
4
What is the units digit of 74523?
3
What is the hundreds digit of 90785?
7
What is the thousands digit of 67351?
7
What is the units digit of 189?
9
What is the hundreds digit of 28889?
8
What is the thousands digit of 187474?
7
What is the units digit of 1046?
6
What is the units digit of 52842?
2
What is the hundreds digit of 9379?
3
What is the units digit of 49?
9
What is the hundreds digit of 3143?
1
What is the tens digit of 1603?
0
What is the hundreds digit of 11639?
6
What is the units digit of 20827?
7
What is the ten thousands digit of 66107?
6
What is the hundreds digit of 1172?
1
What is the ten thousands digit of 72844?
7
What is the hundreds digit of 4576?
5
What is the tens digit of 45224?
2
What is the hundreds digit of 782?
7
What is the hundreds digit of 2806?
8
What is the ten thousands digit of 61050?
6
What is the units digit of 3202?
2
What is the units digit of 309?
9
What is the tens digit of 3190?
9
What is the hundreds digit of 72894?
8
What is the tens digit of 1939?
3
What is the thousands digit of 1354?
1
What is the tens digit of 170?
7
What is the ten thousands digit of 12155?
1
What is the units digit of 4373?
3
What is the hundreds digit of 16153?
1
What is the tens digit of 1288?
8
What is the units digit of 595?
5
What is the units digit of 7031?
1
What is the tens digit of 709?
0
What is the units digit of 2766?
6
What is the thousands digit of 12111?
2
What is the units digit of 8049?
9
What is the thousands digit of 3484?
3
What is the units digit of 2243?
3
What is the tens digit of 7450?
5
What is the hundreds digit of 540?
5
What is the thousands digit of 16715?
6
What is the units digit of 12210?
0
What is the units digit of 1994?
4
What is the hundreds digit of 20510?
5
What is the tens digit of 12541?
4
What is the hundreds digit of 27011?
0
What is the ten thousands digit of 71529?
7
What is the units digit of 897?
7
What is the units digit of 5954?
4
What is the units digit of 8650?
0
What is the tens digit of 10350?
5
What is the hundreds digit of 20666?
6
What is the tens digit of 116?
1
What is the units digit of 1916?
6
What is the tens digit of 8044?
4
What is the thousands digit of 3080?
3
What is the units digit of 24930?
0
What is the units digit of 1407?
7
What is the hundreds digit of 361?
3
What is the hundreds digit of 3767?
7
What is the tens digit of 8628?
2
What is the tens digit of 23180?
8
What is the hundreds digit of 13403?
4
What is the units digit of 91708?
8
What is the units digit of 8?
8
What is the units digit of 82897?
7
What is the hundreds digit of 372?
3
What is the thousands digit of 1441?
1
What is the units digit of 3493?
3
What is the thousands digit of 4235?
4
What is the units digit of 3622?
2
What is the thousands digit of 28882?
8
What is the thousands digit of 1743?
1
What is the units digit of 1652?
2
What is the tens digit of 839?
3
What is the hundreds digit of 1730?
7
What is the units digit of 593?
3
What is the tens digit of 1749?
4
What is the hundreds digit of 4663?
6
What is the units digit of 833?
3
What is the units digit of 1?
1
What is the thousands digit of 33464?
3
What is the tens digit of 116?
1
What is the units digit of 6969?
9
What is the units digit of 3068?
8
What is the units digit of 3560?
0
What 